{"id":2,"date":"2021-08-01T19:32:49","date_gmt":"2021-08-01T22:32:49","guid":{"rendered":"https:\/\/sintemmd.org\/?page_id=2"},"modified":"2024-05-18T12:13:51","modified_gmt":"2024-05-18T15:13:51","slug":"plano-de-saude","status":"publish","type":"page","link":"https:\/\/producao.lucasprogramador.com.br\/sintemd\/plano-de-saude\/","title":{"rendered":"Plano de Sa\u00fade"},"content":{"rendered":"\t\t<div data-elementor-type=\"wp-page\" data-elementor-id=\"2\" class=\"elementor elementor-2\">\n\t\t\t\t\t\t<section class=\"elementor-section elementor-top-section elementor-element elementor-element-cbddf78 elementor-section-boxed elementor-section-height-default elementor-section-height-default\" data-id=\"cbddf78\" data-element_type=\"section\" data-e-type=\"section\">\n\t\t\t\t\t\t<div class=\"elementor-container elementor-column-gap-default\">\n\t\t\t\t\t<div class=\"elementor-column elementor-col-100 elementor-top-column elementor-element elementor-element-2d3be78\" data-id=\"2d3be78\" data-element_type=\"column\" data-e-type=\"column\" data-settings=\"{&quot;background_background&quot;:&quot;classic&quot;}\">\n\t\t\t<div class=\"elementor-widget-wrap elementor-element-populated\">\n\t\t\t\t\t\t<div class=\"elementor-element elementor-element-35b7afa de_scroll_animation_no elementor-invisible elementor-widget elementor-widget-dt-post-title\" data-id=\"35b7afa\" data-element_type=\"widget\" data-e-type=\"widget\" data-settings=\"{&quot;_animation&quot;:&quot;fadeIn&quot;}\" data-widget_type=\"dt-post-title.default\">\n\t\t\t\t<div class=\"elementor-widget-container\">\n\t\t\t\t\t<h1 class=\"dt-post-title \">Plano de Sa\u00fade<\/h1>\t\t\t\t<\/div>\n\t\t\t\t<\/div>\n\t\t\t\t\t<\/div>\n\t\t<\/div>\n\t\t\t\t\t<\/div>\n\t\t<\/section>\n\t\t\t\t<section class=\"elementor-section elementor-top-section elementor-element elementor-element-3332beda elementor-section-boxed elementor-section-height-default elementor-section-height-default\" data-id=\"3332beda\" data-element_type=\"section\" data-e-type=\"section\">\n\t\t\t\t\t\t<div class=\"elementor-container elementor-column-gap-default\">\n\t\t\t\t\t<div class=\"elementor-column elementor-col-100 elementor-top-column elementor-element elementor-element-5a1b7e98\" data-id=\"5a1b7e98\" data-element_type=\"column\" data-e-type=\"column\">\n\t\t\t<div class=\"elementor-widget-wrap elementor-element-populated\">\n\t\t\t\t\t\t<div class=\"elementor-element elementor-element-28f98cee de_scroll_animation_no elementor-widget elementor-widget-text-editor\" data-id=\"28f98cee\" data-element_type=\"widget\" data-e-type=\"widget\" data-widget_type=\"text-editor.default\">\n\t\t\t\t<div class=\"elementor-widget-container\">\n\t\t\t\t\t\t\t\t\t<div id=\"informativo\">\n<p>O plano de sa\u00fade est\u00e1 dispon\u00edvel para todos\/as os\/as Servidores\/as da Educa\u00e7\u00e3o Municipal de Divin\u00f3polis Associados\/as, fa\u00e7a sua <u><a href=\"https:\/\/producao.lucasprogramador.com.br\/sintemd\/ficha-de-filiacao\/\">inscri\u00e7\u00e3o!<\/a><\/u><\/p>\n<p>Voc\u00ea precisa informar os dados necess\u00e1rios para efetivar a <input id=\"btn-formulario\" class=\"wpcf7-form-control\" type=\"button\" value=\"Ades\u00e3o ao Plano\" \/><\/p>\n<p>Com o formul\u00e1rio j\u00e1 preenchido, voc\u00ea j\u00e1 pode enviar os arquivos dos <button id=\"btn-formulario\" class=\"wpforms-submit\" type=\"submit\">Documentos<\/button><\/p>\n<\/div>\n<div class=\"wpforms-container wpforms-container-full\" id=\"wpforms-199\"><form id=\"wpforms-form-199\" class=\"wpforms-validate wpforms-form wpforms-ajax-form\" data-formid=\"199\" method=\"post\" enctype=\"multipart\/form-data\" action=\"\/sintemd\/wp-json\/wp\/v2\/pages\/2\" data-token=\"5233e1011dcdf4f3748e7429176ccb44\" data-token-time=\"1776526586\"><noscript class=\"wpforms-error-noscript\">Ative o JavaScript no seu navegador para preencher este formul\u00e1rio.<\/noscript><div class=\"wpforms-field-container\"><div id=\"wpforms-199-field_1-container\" class=\"wpforms-field wpforms-field-text wpforms-one-third wpforms-first\" data-field-id=\"1\"><label class=\"wpforms-field-label\" for=\"wpforms-199-field_1\">Matr\u00edcula <span class=\"wpforms-required-label\">*<\/span><\/label><input type=\"text\" id=\"wpforms-199-field_1\" class=\"wpforms-field-medium wpforms-field-required\" name=\"wpforms[fields][1]\" required><div class=\"wpforms-field-description\">N\u00famero de Matr\u00edcula na Prefeitura do titular informado no Formul\u00e1rio de Filia\u00e7\u00e3o.<\/div><\/div><div id=\"wpforms-199-field_2-container\" class=\"wpforms-field wpforms-field-name wpforms-two-thirds\" data-field-id=\"2\"><label class=\"wpforms-field-label\">Nome <span class=\"wpforms-required-label\">*<\/span><\/label><div class=\"wpforms-field-row wpforms-field-medium\"><div class=\"wpforms-field-row-block wpforms-first wpforms-one-half\"><input type=\"text\" id=\"wpforms-199-field_2\" class=\"wpforms-field-name-first wpforms-field-required\" name=\"wpforms[fields][2][first]\" required><label for=\"wpforms-199-field_2\" class=\"wpforms-field-sublabel after\">Nome<\/label><\/div><div class=\"wpforms-field-row-block wpforms-one-half\"><input type=\"text\" id=\"wpforms-199-field_2-last\" class=\"wpforms-field-name-last wpforms-field-required\" name=\"wpforms[fields][2][last]\" required><label for=\"wpforms-199-field_2-last\" class=\"wpforms-field-sublabel after\">Sobrenome<\/label><\/div><\/div><\/div><div id=\"wpforms-199-field_3-container\" class=\"wpforms-field wpforms-field-checkbox wpforms-one-third wpforms-first\" data-field-id=\"3\"><label class=\"wpforms-field-label\">Dependentes<\/label><ul id=\"wpforms-199-field_3\"><li class=\"choice-1 depth-1\"><input type=\"checkbox\" id=\"wpforms-199-field_3_1\" name=\"wpforms[fields][3][]\" value=\"Incluir dependentes\"  ><label class=\"wpforms-field-label-inline\" for=\"wpforms-199-field_3_1\">Incluir dependentes<\/label><\/li><\/ul><\/div><div id=\"wpforms-199-field_4-container\" class=\"wpforms-field wpforms-field-number wpforms-one-third\" data-field-id=\"4\"><label class=\"wpforms-field-label\" for=\"wpforms-199-field_4\">N\u00famero de Dependentes<\/label><input type=\"number\" id=\"wpforms-199-field_4\" class=\"wpforms-field-medium\" name=\"wpforms[fields][4]\" step=\"any\" ><div class=\"wpforms-field-description\">C\u00f4njuge \/ Filho(s)<\/div><\/div><div id=\"wpforms-199-field_5-container\" class=\"wpforms-field wpforms-field-text wpforms-one-third wpforms-first\" data-field-id=\"5\"><label class=\"wpforms-field-label\" for=\"wpforms-199-field_5\">Telefone <span class=\"wpforms-required-label\">*<\/span><\/label><input type=\"text\" id=\"wpforms-199-field_5\" class=\"wpforms-field-medium wpforms-field-required\" name=\"wpforms[fields][5]\" required><div class=\"wpforms-field-description\">Informe um n\u00famero de celular para contato preferencialmente WhatsApp<\/div><\/div><div id=\"wpforms-199-field_6-container\" class=\"wpforms-field wpforms-field-email wpforms-two-thirds\" data-field-id=\"6\"><label class=\"wpforms-field-label\" for=\"wpforms-199-field_6\">E-mail <span class=\"wpforms-required-label\">*<\/span><\/label><input type=\"email\" id=\"wpforms-199-field_6\" class=\"wpforms-field-large wpforms-field-required\" name=\"wpforms[fields][6]\" spellcheck=\"false\" required><\/div><\/div><!-- .wpforms-field-container --><div class=\"wpforms-submit-container\" ><input type=\"hidden\" name=\"wpforms[id]\" value=\"199\"><input type=\"hidden\" name=\"page_title\" value=\"\"><input type=\"hidden\" name=\"page_url\" value=\"https:\/\/producao.lucasprogramador.com.br\/sintemd\/wp-json\/wp\/v2\/pages\/2\"><input type=\"hidden\" name=\"url_referer\" value=\"\"><button type=\"submit\" name=\"wpforms[submit]\" id=\"wpforms-submit-199\" class=\"wpforms-submit\" data-alt-text=\"Enviando...\" data-submit-text=\"Enviar\" aria-live=\"assertive\" value=\"wpforms-submit\">Enviar<\/button><img decoding=\"async\" src=\"https:\/\/producao.lucasprogramador.com.br\/sintemd\/wp-content\/plugins\/wpforms-lite\/assets\/images\/submit-spin.svg\" class=\"wpforms-submit-spinner\" style=\"display: none;\" width=\"26\" height=\"26\" alt=\"Carregando\"><\/div><\/form><\/div>  <!-- .wpforms-container -->\n\n<div class=\"wpcf7 no-js\" id=\"wpcf7-f545-o1\" lang=\"pt-BR\" dir=\"ltr\" data-wpcf7-id=\"545\">\n<div class=\"screen-reader-response\"><p role=\"status\" aria-live=\"polite\" aria-atomic=\"true\"><\/p> <ul><\/ul><\/div>\n<form action=\"\/sintemd\/wp-json\/wp\/v2\/pages\/2#wpcf7-f545-o1\" method=\"post\" class=\"wpcf7-form init\" aria-label=\"Formul\u00e1rios de contato\" enctype=\"multipart\/form-data\" novalidate=\"novalidate\" data-status=\"init\">\n<fieldset class=\"hidden-fields-container\"><input type=\"hidden\" name=\"_wpcf7\" value=\"545\" \/><input type=\"hidden\" name=\"_wpcf7_version\" value=\"6.1.5\" \/><input type=\"hidden\" name=\"_wpcf7_locale\" value=\"pt_BR\" \/><input type=\"hidden\" name=\"_wpcf7_unit_tag\" value=\"wpcf7-f545-o1\" \/><input type=\"hidden\" name=\"_wpcf7_container_post\" value=\"0\" \/><input type=\"hidden\" name=\"_wpcf7_posted_data_hash\" value=\"\" \/>\n<\/fieldset>\n<label> Matr\u00edcula\n    <span class=\"wpcf7-form-control-wrap\" data-name=\"matricula\"><input size=\"40\" maxlength=\"400\" class=\"wpcf7-form-control wpcf7-text wpcf7-validates-as-required\" aria-required=\"true\" aria-invalid=\"false\" value=\"\" type=\"text\" name=\"matricula\" \/><\/span> <\/label>\n<label> Nome\n    <span class=\"wpcf7-form-control-wrap\" data-name=\"your-name\"><input size=\"40\" maxlength=\"400\" class=\"wpcf7-form-control wpcf7-text wpcf7-validates-as-required\" aria-required=\"true\" aria-invalid=\"false\" value=\"\" type=\"text\" name=\"your-name\" \/><\/span> <\/label>\n\n<label> Telefone\n    <span class=\"wpcf7-form-control-wrap\" data-name=\"telefone\"><input size=\"40\" maxlength=\"400\" class=\"wpcf7-form-control wpcf7-text wpcf7-validates-as-required\" aria-required=\"true\" aria-invalid=\"false\" value=\"\" type=\"text\" name=\"telefone\" \/><\/span> <\/label>\n<label> Seu e-mail\n    <span class=\"wpcf7-form-control-wrap\" data-name=\"your-email\"><input size=\"40\" maxlength=\"400\" class=\"wpcf7-form-control wpcf7-email wpcf7-validates-as-required wpcf7-text wpcf7-validates-as-email\" aria-required=\"true\" aria-invalid=\"false\" value=\"\" type=\"email\" name=\"your-email\" \/><\/span> <\/label>\n\n<label> Documento Pessoal (RG, CNH, Certid\u00e3o de Nascimento)\n<span class=\"wpcf7-form-control-wrap\" data-name=\"documento-pessoal\"><input size=\"40\" class=\"wpcf7-form-control wpcf7-file wpcf7-validates-as-required\" accept=\".pdf,.jpg,.jpeg,.png,.doc,.docx\" aria-required=\"true\" aria-invalid=\"false\" type=\"file\" name=\"documento-pessoal\" \/><\/span><\/label>\n\n<label> Comprovante de Resid\u00eancia\n<span class=\"wpcf7-form-control-wrap\" data-name=\"comprovante-edereco\"><input size=\"40\" class=\"wpcf7-form-control wpcf7-file wpcf7-validates-as-required\" accept=\".pdf,.jpg,.jpeg,.png,.doc,.docx\" aria-required=\"true\" aria-invalid=\"false\" type=\"file\" name=\"comprovante-edereco\" \/><\/span> <\/label>\n<label> Carteirinha do Plano Antigo (opcional)\n<span class=\"wpcf7-form-control-wrap\" data-name=\"plano-anterior\"><input size=\"40\" class=\"wpcf7-form-control wpcf7-file\" accept=\".pdf,.jpg,.jpeg,.png,.doc,.docx\" aria-invalid=\"false\" type=\"file\" name=\"plano-anterior\" \/><\/span> <\/label>\n\n<input class=\"wpcf7-form-control wpcf7-submit has-spinner\" type=\"submit\" value=\"Enviar\" \/><div class=\"wpcf7-response-output\" aria-hidden=\"true\"><\/div>\n<\/form>\n<\/div>\n\n\n\n<p><\/p>\n\t\t\t\t\t\t\t\t<\/div>\n\t\t\t\t<\/div>\n\t\t\t\t\t<\/div>\n\t\t<\/div>\n\t\t\t\t\t<\/div>\n\t\t<\/section>\n\t\t\t\t<\/div>\n\t\t","protected":false},"excerpt":{"rendered":"<p>Plano de Sa\u00fade O plano de sa\u00fade est\u00e1 dispon\u00edvel para todos\/as os\/as Servidores\/as da Educa\u00e7\u00e3o Municipal de Divin\u00f3polis Associados\/as, fa\u00e7a sua inscri\u00e7\u00e3o! Voc\u00ea precisa informar os dados necess\u00e1rios para efetivar a Com o formul\u00e1rio j\u00e1 preenchido, voc\u00ea j\u00e1 pode enviar os arquivos dos Documentos<\/p>\n","protected":false},"author":3,"featured_media":0,"parent":0,"menu_order":0,"comment_status":"closed","ping_status":"closed","template":"elementor_header_footer","meta":{"footnotes":""},"class_list":["post-2","page","type-page","status-publish","hentry"],"_links":{"self":[{"href":"https:\/\/producao.lucasprogramador.com.br\/sintemd\/wp-json\/wp\/v2\/pages\/2","targetHints":{"allow":["GET"]}}],"collection":[{"href":"https:\/\/producao.lucasprogramador.com.br\/sintemd\/wp-json\/wp\/v2\/pages"}],"about":[{"href":"https:\/\/producao.lucasprogramador.com.br\/sintemd\/wp-json\/wp\/v2\/types\/page"}],"author":[{"embeddable":true,"href":"https:\/\/producao.lucasprogramador.com.br\/sintemd\/wp-json\/wp\/v2\/users\/3"}],"replies":[{"embeddable":true,"href":"https:\/\/producao.lucasprogramador.com.br\/sintemd\/wp-json\/wp\/v2\/comments?post=2"}],"version-history":[{"count":36,"href":"https:\/\/producao.lucasprogramador.com.br\/sintemd\/wp-json\/wp\/v2\/pages\/2\/revisions"}],"predecessor-version":[{"id":1340,"href":"https:\/\/producao.lucasprogramador.com.br\/sintemd\/wp-json\/wp\/v2\/pages\/2\/revisions\/1340"}],"wp:attachment":[{"href":"https:\/\/producao.lucasprogramador.com.br\/sintemd\/wp-json\/wp\/v2\/media?parent=2"}],"curies":[{"name":"wp","href":"https:\/\/api.w.org\/{rel}","templated":true}]}}