{"id":989045,"date":"2026-01-18T17:23:06","date_gmt":"2026-01-18T20:23:06","guid":{"rendered":"https:\/\/producao.lucasprogramador.com.br\/esset\/?page_id=989045"},"modified":"2026-01-23T13:42:58","modified_gmt":"2026-01-23T16:42:58","slug":"servicos-gestao-de-afastados-e-absenteismo","status":"publish","type":"page","link":"https:\/\/producao.lucasprogramador.com.br\/esset\/servicos-gestao-de-afastados-e-absenteismo\/","title":{"rendered":"Servi\u00e7os: Gest\u00e3o de Afastados e Absente\u00edsmo"},"content":{"rendered":"\t\t<div data-elementor-type=\"wp-page\" data-elementor-id=\"989045\" class=\"elementor elementor-989045\" data-elementor-post-type=\"page\">\n\t\t\t\t<div class=\"elementor-element elementor-element-9851473 e-con-full e-flex e-con e-parent\" data-id=\"9851473\" data-element_type=\"container\" data-settings=\"{&quot;background_background&quot;:&quot;classic&quot;}\">\n\t\t<div class=\"elementor-element elementor-element-8d9ba7c e-con-full e-flex e-con e-child\" data-id=\"8d9ba7c\" data-element_type=\"container\">\n\t\t\t\t<div class=\"elementor-element elementor-element-9bd9ef1 elementor-widget elementor-widget-image\" data-id=\"9bd9ef1\" data-element_type=\"widget\" data-widget_type=\"image.default\">\n\t\t\t\t\t\t\t\t\t\t\t\t\t\t\t<img fetchpriority=\"high\" decoding=\"async\" width=\"612\" height=\"533\" src=\"https:\/\/producao.lucasprogramador.com.br\/esset\/wp-content\/uploads\/2026\/01\/width_800-6-e1769185593103.webp\" class=\"attachment-full size-full wp-image-989112\" alt=\"\" srcset=\"https:\/\/producao.lucasprogramador.com.br\/esset\/wp-content\/uploads\/2026\/01\/width_800-6-e1769185593103.webp 612w, https:\/\/producao.lucasprogramador.com.br\/esset\/wp-content\/uploads\/2026\/01\/width_800-6-e1769185593103-300x261.webp 300w\" sizes=\"(max-width: 612px) 100vw, 612px\" \/>\t\t\t\t\t\t\t\t\t\t\t\t\t\t\t<\/div>\n\t\t\t\t<\/div>\n\t\t<div class=\"elementor-element elementor-element-b331294 e-con-full e-flex e-con e-child\" data-id=\"b331294\" data-element_type=\"container\">\n\t\t\t\t<div class=\"elementor-element elementor-element-a94e9b0 elementor-widget elementor-widget-heading\" data-id=\"a94e9b0\" data-element_type=\"widget\" data-widget_type=\"heading.default\">\n\t\t\t\t\t<h2 class=\"elementor-heading-title elementor-size-default\">Gest\u00e3o de afastados\ne absente\u00edsmo<\/h2>\t\t\t\t<\/div>\n\t\t\t\t<div class=\"elementor-element elementor-element-4cf2d8a elementor-widget elementor-widget-heading\" data-id=\"4cf2d8a\" data-element_type=\"widget\" data-widget_type=\"heading.default\">\n\t\t\t\t\t<h2 class=\"elementor-heading-title elementor-size-default\">Efici\u00eancia, controle e cuidado com quem faz sua empresa acontecer.\n<\/h2>\t\t\t\t<\/div>\n\t\t\t\t<\/div>\n\t\t\t\t<\/div>\n\t\t<div class=\"elementor-element elementor-element-f29999f e-flex e-con-boxed e-con e-parent\" data-id=\"f29999f\" data-element_type=\"container\">\n\t\t\t\t\t<div class=\"e-con-inner\">\n\t\t<div class=\"elementor-element elementor-element-1d1fa99 e-con-full e-flex e-con e-child\" data-id=\"1d1fa99\" data-element_type=\"container\">\n\t\t<div class=\"elementor-element elementor-element-9691fb0 e-con-full e-flex e-con e-child\" data-id=\"9691fb0\" data-element_type=\"container\">\n\t\t<div class=\"elementor-element elementor-element-425621b e-con-full e-flex e-con e-child\" data-id=\"425621b\" data-element_type=\"container\" data-settings=\"{&quot;background_background&quot;:&quot;classic&quot;}\">\n\t\t\t\t<div class=\"elementor-element elementor-element-f7610a4 elementor-widget__width-inherit animated-fast elementor-invisible elementor-widget elementor-widget-heading\" data-id=\"f7610a4\" data-element_type=\"widget\" data-settings=\"{&quot;_animation&quot;:&quot;slideInUp&quot;,&quot;_animation_delay&quot;:50}\" data-widget_type=\"heading.default\">\n\t\t\t\t\t<h3 class=\"elementor-heading-title elementor-size-default\">Gest\u00e3o de Afastados\n e Absente\u00edsmo<\/h3>\t\t\t\t<\/div>\n\t\t\t\t<\/div>\n\t\t<div class=\"elementor-element elementor-element-346c690 e-con-full e-flex e-con e-child\" data-id=\"346c690\" data-element_type=\"container\">\n\t\t\t\t<div class=\"elementor-element elementor-element-92f3dea elementor-widget__width-inherit animated-fast elementor-invisible elementor-widget elementor-widget-text-editor\" data-id=\"92f3dea\" data-element_type=\"widget\" data-settings=\"{&quot;_animation&quot;:&quot;fadeIn&quot;,&quot;_animation_delay&quot;:100}\" data-widget_type=\"text-editor.default\">\n\t\t\t\t\t\t\t\t\t<p class=\"cvGsUA direction-ltr align-start para-style-body\"><span class=\"a_GcMg font-feature-liga-off font-feature-clig-off font-feature-calt-off text-decoration-none text-strikethrough-none\">Acreditamos que fazer o b\u00e1sico bem-feito \u00e9 o que sustenta resultados consistentes. <\/span><span class=\"a_GcMg font-feature-liga-off font-feature-clig-off font-feature-calt-off text-decoration-none text-strikethrough-none\">Primeiro, conhecemos o perfil da sua empresa para construir um plano de trabalho adequado \u00e0s suas necessidades, sem excessos e sem complica\u00e7\u00f5es.<\/span><\/p><p class=\"cvGsUA direction-ltr align-start para-style-body\"><span class=\"a_GcMg font-feature-liga-off font-feature-clig-off font-feature-calt-off text-decoration-none text-strikethrough-none\">Assim, garantimos que sua opera\u00e7\u00e3o esteja em conformidade com a legisla\u00e7\u00e3o e principalmente, que o ambiente seja realmente seguro, saud\u00e1vel e produtivo para todos.<\/span><\/p>\t\t\t\t\t\t\t\t<\/div>\n\t\t\t\t<\/div>\n\t\t\t\t<\/div>\n\t\t<div class=\"elementor-element elementor-element-0a81c06 e-con-full e-flex e-con e-child\" data-id=\"0a81c06\" data-element_type=\"container\" data-settings=\"{&quot;background_background&quot;:&quot;classic&quot;}\">\n\t\t\t\t<\/div>\n\t\t\t\t<\/div>\n\t\t\t\t\t<\/div>\n\t\t\t\t<\/div>\n\t\t<div class=\"elementor-element elementor-element-5680ea0 e-flex e-con-boxed e-con e-parent\" data-id=\"5680ea0\" data-element_type=\"container\" data-settings=\"{&quot;background_background&quot;:&quot;classic&quot;}\">\n\t\t\t\t\t<div class=\"e-con-inner\">\n\t\t<div class=\"elementor-element elementor-element-b4f86ab e-con-full e-flex e-con e-child\" data-id=\"b4f86ab\" data-element_type=\"container\">\n\t\t<div class=\"elementor-element elementor-element-e6235ed e-con-full e-flex e-con e-child\" data-id=\"e6235ed\" data-element_type=\"container\" data-settings=\"{&quot;background_background&quot;:&quot;classic&quot;}\">\n\t\t\t\t<\/div>\n\t\t<div class=\"elementor-element elementor-element-81e460c e-con-full e-flex e-con e-child\" data-id=\"81e460c\" data-element_type=\"container\">\n\t\t<div class=\"elementor-element elementor-element-2e6cb72 e-con-full e-flex e-con e-child\" data-id=\"2e6cb72\" data-element_type=\"container\">\n\t\t\t\t<div class=\"elementor-element elementor-element-7aa7507 elementor-widget__width-inherit animated-fast elementor-invisible elementor-widget elementor-widget-heading\" data-id=\"7aa7507\" data-element_type=\"widget\" data-settings=\"{&quot;_animation&quot;:&quot;slideInUp&quot;,&quot;_animation_delay&quot;:50}\" data-widget_type=\"heading.default\">\n\t\t\t\t\t<h3 class=\"elementor-heading-title elementor-size-default\">Nossas Entregas<\/h3>\t\t\t\t<\/div>\n\t\t\t\t<div class=\"elementor-element elementor-element-a341fde elementor-widget__width-inherit animated-fast elementor-invisible elementor-widget elementor-widget-text-editor\" data-id=\"a341fde\" data-element_type=\"widget\" data-settings=\"{&quot;_animation&quot;:&quot;fadeIn&quot;,&quot;_animation_delay&quot;:100}\" data-widget_type=\"text-editor.default\">\n\t\t\t\t\t\t\t\t\t<p class=\"cvGsUA direction-ltr align-start para-style-body\"><span class=\"a_GcMg font-feature-liga-off font-feature-clig-off font-feature-calt-off text-decoration-none text-strikethrough-none\">Gest\u00e3o de Absente\u00edsmo<\/span><\/p><ul><li><span class=\"a_GcMg font-feature-liga-off font-feature-clig-off font-feature-calt-off text-decoration-none text-strikethrough-none\">Valida\u00e7\u00e3o automatizada de documentos e integra\u00e7\u00e3o com folha de pagamento<\/span><\/li><li><span class=\"a_GcMg font-feature-liga-off font-feature-clig-off font-feature-calt-off text-decoration-none text-strikethrough-none\">Relat\u00f3rios de indicadores e tend\u00eancias de absente\u00edsmo<\/span><\/li><li><span class=\"a_GcMg font-feature-liga-off font-feature-clig-off font-feature-calt-off text-decoration-none text-strikethrough-none\">Monitoramento ativo para identificar riscos de afastamento<\/span><\/li><\/ul><p class=\"cvGsUA direction-ltr align-start para-style-body\">\u00a0<\/p><p class=\"cvGsUA direction-ltr align-start para-style-body\"><span class=\"a_GcMg font-feature-liga-off font-feature-clig-off font-feature-calt-off text-decoration-none text-strikethrough-none\">Gest\u00e3o de Afastados<\/span><\/p><ul><li><span class=\"a_GcMg font-feature-liga-off font-feature-clig-off font-feature-calt-off text-decoration-none text-strikethrough-none\">Acompanhamento individualizado de casos e suporte durante o afastamento<\/span><\/li><li><span class=\"a_GcMg font-feature-liga-off font-feature-clig-off font-feature-calt-off text-decoration-none text-strikethrough-none\">Integra\u00e7\u00e3o com o INSS para monitoramento de per\u00edcias e prorroga\u00e7\u00f5es<\/span><\/li><li><span class=\"a_GcMg font-feature-liga-off font-feature-clig-off font-feature-calt-off text-decoration-none text-strikethrough-none\">Contesta\u00e7\u00e3o de NTEP e gest\u00e3o estrat\u00e9gica do FAP\/RAT<\/span><\/li><\/ul>\t\t\t\t\t\t\t\t<\/div>\n\t\t\t\t<\/div>\n\t\t\t\t<\/div>\n\t\t\t\t<\/div>\n\t\t\t\t\t<\/div>\n\t\t\t\t<\/div>\n\t\t<div class=\"elementor-element elementor-element-106100d e-flex e-con-boxed e-con e-child\" data-id=\"106100d\" data-element_type=\"container\" data-settings=\"{&quot;background_background&quot;:&quot;classic&quot;}\">\n\t\t\t\t\t<div class=\"e-con-inner\">\n\t\t<div class=\"elementor-element elementor-element-e26b926 e-con-full e-flex e-con e-child\" data-id=\"e26b926\" data-element_type=\"container\">\n\t\t<div class=\"elementor-element elementor-element-61930b2 e-con-full e-flex e-con e-child\" data-id=\"61930b2\" data-element_type=\"container\">\n\t\t\t\t<div class=\"elementor-element elementor-element-e1d392c elementor-widget__width-initial animated-fast elementor-invisible elementor-widget elementor-widget-heading\" data-id=\"e1d392c\" data-element_type=\"widget\" data-settings=\"{&quot;_animation&quot;:&quot;fadeIn&quot;}\" data-widget_type=\"heading.default\">\n\t\t\t\t\t<h2 class=\"elementor-heading-title elementor-size-default\">Diferenciais de Atendimento<\/h2>\t\t\t\t<\/div>\n\t\t\t\t<div class=\"elementor-element elementor-element-5db53fb elementor-widget elementor-widget-spacer\" data-id=\"5db53fb\" data-element_type=\"widget\" data-widget_type=\"spacer.default\">\n\t\t\t\t\t\t\t<div class=\"elementor-spacer\">\n\t\t\t<div class=\"elementor-spacer-inner\"><\/div>\n\t\t<\/div>\n\t\t\t\t\t\t<\/div>\n\t\t\t\t<\/div>\n\t\t\t\t<\/div>\n\t\t<div class=\"elementor-element elementor-element-bf8a7cf e-con-full e-flex e-con e-child\" data-id=\"bf8a7cf\" data-element_type=\"container\">\n\t\t<a class=\"elementor-element elementor-element-30cac98 e-con-full vamtam-icon-hover-parent animated-fast e-flex elementor-invisible e-con e-child\" data-id=\"30cac98\" data-element_type=\"container\" data-settings=\"{&quot;background_background&quot;:&quot;classic&quot;,&quot;animation&quot;:&quot;slideInUp&quot;}\">\n\t\t\t\t<div class=\"elementor-element elementor-element-e119c2d elementor-widget__width-inherit elementor-widget elementor-widget-image\" data-id=\"e119c2d\" data-element_type=\"widget\" data-widget_type=\"image.default\">\n\t\t\t\t\t\t\t\t\t\t\t\t\t\t\t<img decoding=\"async\" width=\"800\" height=\"533\" src=\"https:\/\/producao.lucasprogramador.com.br\/esset\/wp-content\/uploads\/2026\/01\/width_800-2-2.webp\" class=\"attachment-full size-full wp-image-989115\" alt=\"\" srcset=\"https:\/\/producao.lucasprogramador.com.br\/esset\/wp-content\/uploads\/2026\/01\/width_800-2-2.webp 800w, https:\/\/producao.lucasprogramador.com.br\/esset\/wp-content\/uploads\/2026\/01\/width_800-2-2-300x200.webp 300w, https:\/\/producao.lucasprogramador.com.br\/esset\/wp-content\/uploads\/2026\/01\/width_800-2-2-768x512.webp 768w\" sizes=\"(max-width: 800px) 100vw, 800px\" \/>\t\t\t\t\t\t\t\t\t\t\t\t\t\t\t<\/div>\n\t\t<div class=\"elementor-element elementor-element-a2196ee e-con-full e-flex e-con e-child\" data-id=\"a2196ee\" data-element_type=\"container\">\n\t\t\t\t<div class=\"elementor-element elementor-element-a98239d elementor-widget__width-inherit elementor-widget elementor-widget-heading\" data-id=\"a98239d\" data-element_type=\"widget\" data-widget_type=\"heading.default\">\n\t\t\t\t\t<h4 class=\"elementor-heading-title elementor-size-default\"><b>Recebimento digital<\/b> e centralizado de atestados (via portal ou WhatsApp)<\/h4>\t\t\t\t<\/div>\n\t\t\t\t<\/div>\n\t\t\t\t<\/a>\n\t\t<a class=\"elementor-element elementor-element-c695199 e-con-full vamtam-icon-hover-parent animated-fast e-flex elementor-invisible e-con e-child\" data-id=\"c695199\" data-element_type=\"container\" data-settings=\"{&quot;background_background&quot;:&quot;classic&quot;,&quot;animation&quot;:&quot;slideInUp&quot;}\">\n\t\t<div class=\"elementor-element elementor-element-2e16f68 e-con-full e-flex e-con e-child\" data-id=\"2e16f68\" data-element_type=\"container\">\n\t\t\t\t<div class=\"elementor-element elementor-element-7f587b2 elementor-widget__width-inherit elementor-widget elementor-widget-image\" data-id=\"7f587b2\" data-element_type=\"widget\" data-widget_type=\"image.default\">\n\t\t\t\t\t\t\t\t\t\t\t\t\t\t\t<img decoding=\"async\" width=\"533\" height=\"800\" src=\"https:\/\/producao.lucasprogramador.com.br\/esset\/wp-content\/uploads\/2026\/01\/width_533-2.webp\" class=\"attachment-full size-full wp-image-989116\" alt=\"\" srcset=\"https:\/\/producao.lucasprogramador.com.br\/esset\/wp-content\/uploads\/2026\/01\/width_533-2.webp 533w, https:\/\/producao.lucasprogramador.com.br\/esset\/wp-content\/uploads\/2026\/01\/width_533-2-200x300.webp 200w\" sizes=\"(max-width: 533px) 100vw, 533px\" \/>\t\t\t\t\t\t\t\t\t\t\t\t\t\t\t<\/div>\n\t\t\t\t<div class=\"elementor-element elementor-element-4a556e3 elementor-widget__width-inherit elementor-widget elementor-widget-heading\" data-id=\"4a556e3\" data-element_type=\"widget\" data-widget_type=\"heading.default\">\n\t\t\t\t\t<h4 class=\"elementor-heading-title elementor-size-default\"><b>Relat\u00f3rios gerenciais<\/b> e an\u00e1lises de impacto financeiro<\/h4>\t\t\t\t<\/div>\n\t\t\t\t<\/div>\n\t\t\t\t<\/a>\n\t\t<a class=\"elementor-element elementor-element-0d8daa7 e-con-full vamtam-icon-hover-parent animated-fast e-flex elementor-invisible e-con e-child\" data-id=\"0d8daa7\" data-element_type=\"container\" data-settings=\"{&quot;background_background&quot;:&quot;classic&quot;,&quot;animation&quot;:&quot;slideInUp&quot;}\">\n\t\t<div class=\"elementor-element elementor-element-5fddd63 e-con-full e-flex e-con e-child\" data-id=\"5fddd63\" data-element_type=\"container\">\n\t\t\t\t<div class=\"elementor-element elementor-element-66b8246 elementor-widget__width-inherit elementor-widget elementor-widget-image\" data-id=\"66b8246\" data-element_type=\"widget\" data-widget_type=\"image.default\">\n\t\t\t\t\t\t\t\t\t\t\t\t\t\t\t<img loading=\"lazy\" decoding=\"async\" width=\"800\" height=\"533\" src=\"https:\/\/producao.lucasprogramador.com.br\/esset\/wp-content\/uploads\/2026\/01\/width_800-3-1.webp\" class=\"attachment-full size-full wp-image-989117\" alt=\"\" srcset=\"https:\/\/producao.lucasprogramador.com.br\/esset\/wp-content\/uploads\/2026\/01\/width_800-3-1.webp 800w, https:\/\/producao.lucasprogramador.com.br\/esset\/wp-content\/uploads\/2026\/01\/width_800-3-1-300x200.webp 300w, https:\/\/producao.lucasprogramador.com.br\/esset\/wp-content\/uploads\/2026\/01\/width_800-3-1-768x512.webp 768w\" sizes=\"(max-width: 800px) 100vw, 800px\" \/>\t\t\t\t\t\t\t\t\t\t\t\t\t\t\t<\/div>\n\t\t\t\t<div class=\"elementor-element elementor-element-1152165 elementor-widget__width-inherit elementor-widget elementor-widget-heading\" data-id=\"1152165\" data-element_type=\"widget\" data-widget_type=\"heading.default\">\n\t\t\t\t\t<h4 class=\"elementor-heading-title elementor-size-default\"><b>Monitoramento ativo<\/b> para identificar riscos de afastamento<\/h4>\t\t\t\t<\/div>\n\t\t\t\t<\/div>\n\t\t\t\t<\/a>\n\t\t\t\t<\/div>\n\t\t\t\t\t<\/div>\n\t\t\t\t<\/div>\n\t\t\t\t<\/div>\n\t\t","protected":false},"excerpt":{"rendered":"<p>Gest\u00e3o de afastados e absente\u00edsmo Efici\u00eancia, controle e cuidado com quem faz sua empresa acontecer. Gest\u00e3o de Afastados e Absente\u00edsmo&#8230;<\/p>\n","protected":false},"author":1,"featured_media":0,"parent":0,"menu_order":0,"comment_status":"closed","ping_status":"closed","template":"elementor_header_footer","meta":{"footnotes":""},"class_list":["post-989045","page","type-page","status-publish","hentry"],"_links":{"self":[{"href":"https:\/\/producao.lucasprogramador.com.br\/esset\/wp-json\/wp\/v2\/pages\/989045","targetHints":{"allow":["GET"]}}],"collection":[{"href":"https:\/\/producao.lucasprogramador.com.br\/esset\/wp-json\/wp\/v2\/pages"}],"about":[{"href":"https:\/\/producao.lucasprogramador.com.br\/esset\/wp-json\/wp\/v2\/types\/page"}],"author":[{"embeddable":true,"href":"https:\/\/producao.lucasprogramador.com.br\/esset\/wp-json\/wp\/v2\/users\/1"}],"replies":[{"embeddable":true,"href":"https:\/\/producao.lucasprogramador.com.br\/esset\/wp-json\/wp\/v2\/comments?post=989045"}],"version-history":[{"count":16,"href":"https:\/\/producao.lucasprogramador.com.br\/esset\/wp-json\/wp\/v2\/pages\/989045\/revisions"}],"predecessor-version":[{"id":989123,"href":"https:\/\/producao.lucasprogramador.com.br\/esset\/wp-json\/wp\/v2\/pages\/989045\/revisions\/989123"}],"wp:attachment":[{"href":"https:\/\/producao.lucasprogramador.com.br\/esset\/wp-json\/wp\/v2\/media?parent=989045"}],"curies":[{"name":"wp","href":"https:\/\/api.w.org\/{rel}","templated":true}]}}