{"id":158,"date":"2025-12-28T10:32:49","date_gmt":"2025-12-28T13:32:49","guid":{"rendered":"https:\/\/producao.lucasprogramador.com.br\/codeseq\/?page_id=158"},"modified":"2025-12-28T14:24:22","modified_gmt":"2025-12-28T17:24:22","slug":"cursos","status":"publish","type":"page","link":"https:\/\/producao.lucasprogramador.com.br\/codeseq\/cursos\/","title":{"rendered":"Cursos"},"content":{"rendered":"\t\t<div data-elementor-type=\"wp-page\" data-elementor-id=\"158\" class=\"elementor elementor-158\" data-elementor-post-type=\"page\">\n\t\t\t\t<div class=\"elementor-element elementor-element-075b2b0 e-flex e-con-boxed e-con e-parent\" data-id=\"075b2b0\" data-element_type=\"container\" data-e-type=\"container\" data-settings=\"{&quot;background_background&quot;:&quot;classic&quot;}\">\n\t\t\t\t\t<div class=\"e-con-inner\">\n\t\t\t\t<div class=\"elementor-element elementor-element-e65c0b6 elementor-widget elementor-widget-heading\" data-id=\"e65c0b6\" data-element_type=\"widget\" data-e-type=\"widget\" data-widget_type=\"heading.default\">\n\t\t\t\t\t<h2 class=\"elementor-heading-title elementor-size-default\">Cursos e treinamentos<\/h2>\t\t\t\t<\/div>\n\t\t\t\t<div class=\"elementor-element elementor-element-f8d061b elementor-widget__width-inherit elementor-widget-mobile__width-inherit elementor-widget elementor-widget-heading\" data-id=\"f8d061b\" data-element_type=\"widget\" data-e-type=\"widget\" data-widget_type=\"heading.default\">\n\t\t\t\t\t<h2 class=\"elementor-heading-title elementor-size-default\">O futuro n\u00e3o espera<span style=\"color: orange\">.<\/span>\n\n<\/h2>\t\t\t\t<\/div>\n\t\t\t\t<div class=\"elementor-element elementor-element-0b61e92 elementor-widget__width-initial elementor-widget-mobile__width-inherit elementor-widget elementor-widget-heading\" data-id=\"0b61e92\" data-element_type=\"widget\" data-e-type=\"widget\" data-widget_type=\"heading.default\">\n\t\t\t\t\t<h2 class=\"elementor-heading-title elementor-size-default\">Prepare-se hoje nas ferramentas do amanh\u00e3.<\/h2>\t\t\t\t<\/div>\n\t\t\t\t<div class=\"elementor-element elementor-element-d4900f4 elementor-view-default elementor-widget elementor-widget-icon\" data-id=\"d4900f4\" data-element_type=\"widget\" data-e-type=\"widget\" data-widget_type=\"icon.default\">\n\t\t\t\t\t\t\t<div class=\"elementor-icon-wrapper\">\n\t\t\t<div class=\"elementor-icon\">\n\t\t\t<svg aria-hidden=\"true\" class=\"e-font-icon-svg e-fas-chevron-down\" viewBox=\"0 0 448 512\" xmlns=\"http:\/\/www.w3.org\/2000\/svg\"><path d=\"M207.029 381.476L12.686 187.132c-9.373-9.373-9.373-24.569 0-33.941l22.667-22.667c9.357-9.357 24.522-9.375 33.901-.04L224 284.505l154.745-154.021c9.379-9.335 24.544-9.317 33.901.04l22.667 22.667c9.373 9.373 9.373 24.569 0 33.941L240.971 381.476c-9.373 9.372-24.569 9.372-33.942 0z\"><\/path><\/svg>\t\t\t<\/div>\n\t\t<\/div>\n\t\t\t\t\t\t<\/div>\n\t\t\t\t\t<\/div>\n\t\t\t\t<\/div>\n\t\t<div class=\"elementor-element elementor-element-9567f9b e-flex e-con-boxed e-con e-parent\" data-id=\"9567f9b\" data-element_type=\"container\" data-e-type=\"container\">\n\t\t\t\t\t<div class=\"e-con-inner\">\n\t\t\t\t<div class=\"elementor-element elementor-element-226e94f elementor-widget__width-initial elementor-widget-mobile__width-inherit elementor-widget elementor-widget-heading\" data-id=\"226e94f\" data-element_type=\"widget\" data-e-type=\"widget\" data-widget_type=\"heading.default\">\n\t\t\t\t\t<h2 class=\"elementor-heading-title elementor-size-default\">Cursos regulares e treinamentos\n<\/h2>\t\t\t\t<\/div>\n\t\t\t\t<div class=\"elementor-element elementor-element-cbd5c79 elementor-widget elementor-widget-spacer\" data-id=\"cbd5c79\" data-element_type=\"widget\" data-e-type=\"widget\" data-widget_type=\"spacer.default\">\n\t\t\t\t\t\t\t<div class=\"elementor-spacer\">\n\t\t\t<div class=\"elementor-spacer-inner\"><\/div>\n\t\t<\/div>\n\t\t\t\t\t\t<\/div>\n\t\t\t\t<div class=\"elementor-element elementor-element-931b5c7 elementor-widget elementor-widget-menu-anchor\" data-id=\"931b5c7\" data-element_type=\"widget\" data-e-type=\"widget\" data-widget_type=\"menu-anchor.default\">\n\t\t\t\t\t\t\t<div class=\"elementor-menu-anchor\" id=\"qPCR\"><\/div>\n\t\t\t\t\t\t<\/div>\n\t\t<div class=\"elementor-element elementor-element-57fabbb e-con-full e-flex e-con e-child\" data-id=\"57fabbb\" data-element_type=\"container\" data-e-type=\"container\">\n\t\t<div class=\"elementor-element elementor-element-9a83508 e-con-full e-flex e-con e-child\" data-id=\"9a83508\" data-element_type=\"container\" data-e-type=\"container\">\n\t\t\t\t<div class=\"elementor-element elementor-element-0680da7 elementor-widget__width-inherit elementor-widget-mobile__width-inherit elementor-widget elementor-widget-heading\" data-id=\"0680da7\" data-element_type=\"widget\" data-e-type=\"widget\" data-widget_type=\"heading.default\">\n\t\t\t\t\t<h2 class=\"elementor-heading-title elementor-size-default\">qPCR\n<\/h2>\t\t\t\t<\/div>\n\t\t\t\t<div class=\"elementor-element elementor-element-9df5df0 elementor-widget__width-inherit elementor-widget-mobile__width-inherit elementor-widget elementor-widget-text-editor\" data-id=\"9df5df0\" data-element_type=\"widget\" data-e-type=\"widget\" data-widget_type=\"text-editor.default\">\n\t\t\t\t\t\t\t\t\t<p>A rea\u00e7\u00e3o em cadeia da polimerase em tempo real (qPCR), \u00e9 um dos principais m\u00e9todos de an\u00e1lise gen\u00f4mica, permitindo grande n\u00famero de testes, e r\u00e1pido tempo de resposta.<\/p><p>\u00c9 usada largamente na infectologia cl\u00ednica, diagn\u00f3stico de doen\u00e7as gen\u00e9ticas, controle de processos biol\u00f3gicos industriais, e, recentemente, ganhou grande impulso por conta dos testes de diagn\u00f3stico do Covid-19.<\/p><p>Em nosso curso, voc\u00ea vai aprender as principais ferramentas para compreender e dominar essa t\u00e9cnica de an\u00e1lise, ganhando acesso a este crescente mercado e tornando-se apto a trabalhar em laborat\u00f3rios, centros de pesquisa, ind\u00fastrias farmac\u00eauticas e agencias ambientais.<\/p>\t\t\t\t\t\t\t\t<\/div>\n\t\t\t\t<\/div>\n\t\t<div class=\"elementor-element elementor-element-35f6dbb e-con-full e-flex e-con e-child\" data-id=\"35f6dbb\" data-element_type=\"container\" data-e-type=\"container\">\n\t\t\t\t<div class=\"elementor-element elementor-element-2408ec3 elementor-widget elementor-widget-image\" data-id=\"2408ec3\" data-element_type=\"widget\" data-e-type=\"widget\" data-widget_type=\"image.default\">\n\t\t\t\t\t\t\t\t\t\t\t\t\t\t\t<img fetchpriority=\"high\" decoding=\"async\" width=\"1920\" height=\"1280\" src=\"https:\/\/producao.lucasprogramador.com.br\/codeseq\/wp-content\/uploads\/2025\/12\/asset-1-2.webp\" class=\"attachment-full size-full wp-image-169\" alt=\"\" srcset=\"https:\/\/producao.lucasprogramador.com.br\/codeseq\/wp-content\/uploads\/2025\/12\/asset-1-2.webp 1920w, https:\/\/producao.lucasprogramador.com.br\/codeseq\/wp-content\/uploads\/2025\/12\/asset-1-2-300x200.webp 300w, https:\/\/producao.lucasprogramador.com.br\/codeseq\/wp-content\/uploads\/2025\/12\/asset-1-2-1024x683.webp 1024w, https:\/\/producao.lucasprogramador.com.br\/codeseq\/wp-content\/uploads\/2025\/12\/asset-1-2-768x512.webp 768w, https:\/\/producao.lucasprogramador.com.br\/codeseq\/wp-content\/uploads\/2025\/12\/asset-1-2-1536x1024.webp 1536w\" sizes=\"(max-width: 1920px) 100vw, 1920px\" \/>\t\t\t\t\t\t\t\t\t\t\t\t\t\t\t<\/div>\n\t\t\t\t<\/div>\n\t\t\t\t<\/div>\n\t\t\t\t<div class=\"elementor-element elementor-element-9274ce6 elementor-align-center elementor-widget elementor-widget-button\" data-id=\"9274ce6\" data-element_type=\"widget\" data-e-type=\"widget\" data-widget_type=\"button.default\">\n\t\t\t\t\t\t\t\t\t\t<a class=\"elementor-button elementor-button-link elementor-size-sm\" href=\"#elementor-action%3Aaction%3Dpopup%3Aopen%26settings%3DeyJpZCI6IjE1MCIsInRvZ2dsZSI6ZmFsc2V9\">\n\t\t\t\t\t\t<span class=\"elementor-button-content-wrapper\">\n\t\t\t\t\t\t\t\t\t<span class=\"elementor-button-text\">CADASTRE-SE<\/span>\n\t\t\t\t\t<\/span>\n\t\t\t\t\t<\/a>\n\t\t\t\t\t\t\t\t<\/div>\n\t\t\t\t\t<\/div>\n\t\t\t\t<\/div>\n\t\t<div class=\"elementor-element elementor-element-2bc1449 e-flex e-con-boxed e-con e-parent\" data-id=\"2bc1449\" data-element_type=\"container\" data-e-type=\"container\">\n\t\t\t\t\t<div class=\"e-con-inner\">\n\t\t<div class=\"elementor-element elementor-element-ca5f6b4 e-con-full e-flex e-con e-child\" data-id=\"ca5f6b4\" data-element_type=\"container\" data-e-type=\"container\">\n\t\t<div class=\"elementor-element elementor-element-ac603ca e-con-full e-flex e-con e-child\" data-id=\"ac603ca\" data-element_type=\"container\" data-e-type=\"container\">\n\t\t\t\t<div class=\"elementor-element elementor-element-3f7c0c8 elementor-widget elementor-widget-menu-anchor\" data-id=\"3f7c0c8\" data-element_type=\"widget\" data-e-type=\"widget\" data-widget_type=\"menu-anchor.default\">\n\t\t\t\t\t\t\t<div class=\"elementor-menu-anchor\" id=\"bioinformatica\"><\/div>\n\t\t\t\t\t\t<\/div>\n\t\t\t\t<div class=\"elementor-element elementor-element-c122594 elementor-widget__width-inherit elementor-widget-mobile__width-inherit elementor-widget elementor-widget-heading\" data-id=\"c122594\" data-element_type=\"widget\" data-e-type=\"widget\" data-widget_type=\"heading.default\">\n\t\t\t\t\t<h2 class=\"elementor-heading-title elementor-size-default\">Bioinform\u00e1tica\n<\/h2>\t\t\t\t<\/div>\n\t\t\t\t<div class=\"elementor-element elementor-element-42c4352 elementor-widget__width-inherit elementor-widget-mobile__width-inherit elementor-widget elementor-widget-text-editor\" data-id=\"42c4352\" data-element_type=\"widget\" data-e-type=\"widget\" data-widget_type=\"text-editor.default\">\n\t\t\t\t\t\t\t\t\t<p>A aplica\u00e7\u00e3o das t\u00e9cnicas de inform\u00e1tica na an\u00e1lise de informa\u00e7\u00f5es biol\u00f3gicas n\u00e3o \u00e9 um assunto novo, mas teve usa escala aumentada a partir do desenvolvimento do NGS e dos constantes avan\u00e7os no poder de processamento, indo de grandes centros ao computador pessoal.<\/p><p>Dado o grande volume de informa\u00e7\u00f5es, hoje ferramentas robustas para realizar diversas tarefas, como montagem de genomas, gen\u00f4mica funcional, predi\u00e7\u00e3o de estrutura de prote\u00ednas e outras.<\/p><p>Em nosso curso, al\u00e9m destes temas, ser\u00e3o cobertos m\u00e9todos para an\u00e1lise de dados de RNAseq, genotipagem e estudos de evolu\u00e7\u00e3o, capacitando o aluno para o acompanhamento t\u00e9cnico e execu\u00e7\u00e3o das an\u00e1lises.<\/p>\t\t\t\t\t\t\t\t<\/div>\n\t\t\t\t<\/div>\n\t\t<div class=\"elementor-element elementor-element-51257df e-con-full e-flex e-con e-child\" data-id=\"51257df\" data-element_type=\"container\" data-e-type=\"container\">\n\t\t\t\t<div class=\"elementor-element elementor-element-4cd3beb elementor-widget elementor-widget-image\" data-id=\"4cd3beb\" data-element_type=\"widget\" data-e-type=\"widget\" data-widget_type=\"image.default\">\n\t\t\t\t\t\t\t\t\t\t\t\t\t\t\t<img decoding=\"async\" width=\"1920\" height=\"1403\" src=\"https:\/\/producao.lucasprogramador.com.br\/codeseq\/wp-content\/uploads\/2025\/12\/asset-2-1.webp\" class=\"attachment-full size-full wp-image-173\" alt=\"\" srcset=\"https:\/\/producao.lucasprogramador.com.br\/codeseq\/wp-content\/uploads\/2025\/12\/asset-2-1.webp 1920w, https:\/\/producao.lucasprogramador.com.br\/codeseq\/wp-content\/uploads\/2025\/12\/asset-2-1-300x219.webp 300w, https:\/\/producao.lucasprogramador.com.br\/codeseq\/wp-content\/uploads\/2025\/12\/asset-2-1-1024x748.webp 1024w, https:\/\/producao.lucasprogramador.com.br\/codeseq\/wp-content\/uploads\/2025\/12\/asset-2-1-768x561.webp 768w, https:\/\/producao.lucasprogramador.com.br\/codeseq\/wp-content\/uploads\/2025\/12\/asset-2-1-1536x1122.webp 1536w\" sizes=\"(max-width: 1920px) 100vw, 1920px\" \/>\t\t\t\t\t\t\t\t\t\t\t\t\t\t\t<\/div>\n\t\t\t\t<\/div>\n\t\t\t\t<\/div>\n\t\t\t\t<div class=\"elementor-element elementor-element-73af5ad elementor-align-center elementor-widget elementor-widget-button\" data-id=\"73af5ad\" data-element_type=\"widget\" data-e-type=\"widget\" data-widget_type=\"button.default\">\n\t\t\t\t\t\t\t\t\t\t<a class=\"elementor-button elementor-button-link elementor-size-sm\" href=\"#elementor-action%3Aaction%3Dpopup%3Aopen%26settings%3DeyJpZCI6IjE1MCIsInRvZ2dsZSI6ZmFsc2V9\">\n\t\t\t\t\t\t<span class=\"elementor-button-content-wrapper\">\n\t\t\t\t\t\t\t\t\t<span class=\"elementor-button-text\">CADASTRE-SE<\/span>\n\t\t\t\t\t<\/span>\n\t\t\t\t\t<\/a>\n\t\t\t\t\t\t\t\t<\/div>\n\t\t\t\t\t<\/div>\n\t\t\t\t<\/div>\n\t\t<div class=\"elementor-element elementor-element-061a0b5 e-flex e-con-boxed e-con e-parent\" data-id=\"061a0b5\" data-element_type=\"container\" data-e-type=\"container\">\n\t\t\t\t\t<div class=\"e-con-inner\">\n\t\t<div class=\"elementor-element elementor-element-1b0bb9c e-con-full e-flex e-con e-child\" data-id=\"1b0bb9c\" data-element_type=\"container\" data-e-type=\"container\">\n\t\t<div class=\"elementor-element elementor-element-c2b39fc e-con-full e-flex e-con e-child\" data-id=\"c2b39fc\" data-element_type=\"container\" data-e-type=\"container\">\n\t\t\t\t<div class=\"elementor-element elementor-element-882489e elementor-widget elementor-widget-image\" data-id=\"882489e\" data-element_type=\"widget\" data-e-type=\"widget\" data-widget_type=\"image.default\">\n\t\t\t\t\t\t\t\t\t\t\t\t\t\t\t<img decoding=\"async\" width=\"1920\" height=\"1281\" src=\"https:\/\/producao.lucasprogramador.com.br\/codeseq\/wp-content\/uploads\/2025\/12\/asset-3-1.webp\" class=\"attachment-full size-full wp-image-174\" alt=\"\" srcset=\"https:\/\/producao.lucasprogramador.com.br\/codeseq\/wp-content\/uploads\/2025\/12\/asset-3-1.webp 1920w, https:\/\/producao.lucasprogramador.com.br\/codeseq\/wp-content\/uploads\/2025\/12\/asset-3-1-300x200.webp 300w, https:\/\/producao.lucasprogramador.com.br\/codeseq\/wp-content\/uploads\/2025\/12\/asset-3-1-1024x683.webp 1024w, https:\/\/producao.lucasprogramador.com.br\/codeseq\/wp-content\/uploads\/2025\/12\/asset-3-1-768x512.webp 768w, https:\/\/producao.lucasprogramador.com.br\/codeseq\/wp-content\/uploads\/2025\/12\/asset-3-1-1536x1025.webp 1536w\" sizes=\"(max-width: 1920px) 100vw, 1920px\" \/>\t\t\t\t\t\t\t\t\t\t\t\t\t\t\t<\/div>\n\t\t\t\t<\/div>\n\t\t<div class=\"elementor-element elementor-element-1bfad20 e-con-full e-flex e-con e-child\" data-id=\"1bfad20\" data-element_type=\"container\" data-e-type=\"container\">\n\t\t\t\t<div class=\"elementor-element elementor-element-01d922e elementor-widget elementor-widget-menu-anchor\" data-id=\"01d922e\" data-element_type=\"widget\" data-e-type=\"widget\" data-widget_type=\"menu-anchor.default\">\n\t\t\t\t\t\t\t<div class=\"elementor-menu-anchor\" id=\"empresas\"><\/div>\n\t\t\t\t\t\t<\/div>\n\t\t\t\t<div class=\"elementor-element elementor-element-9a8ea13 elementor-widget__width-inherit elementor-widget-mobile__width-inherit elementor-widget elementor-widget-heading\" data-id=\"9a8ea13\" data-element_type=\"widget\" data-e-type=\"widget\" data-widget_type=\"heading.default\">\n\t\t\t\t\t<h2 class=\"elementor-heading-title elementor-size-default\">Treinamentos para profissionais\n<\/h2>\t\t\t\t<\/div>\n\t\t\t\t<div class=\"elementor-element elementor-element-bac02a7 elementor-widget__width-inherit elementor-widget-mobile__width-inherit elementor-widget elementor-widget-text-editor\" data-id=\"bac02a7\" data-element_type=\"widget\" data-e-type=\"widget\" data-widget_type=\"text-editor.default\">\n\t\t\t\t\t\t\t\t\t<p>Uma equipe preparada para resolver quest\u00f5es em laborat\u00f3rio com assertividade e seguran\u00e7a n\u00e3o s\u00f3 \u00e9 a base para uma rela\u00e7\u00e3o comercial de sucesso, mas tamb\u00e9m um portal para novas oportunidades de investimento, gerando crescimento de longo prazo.<\/p><p>Pensando nisso, desenvolvemos nosso treinamento em t\u00e9cnicas de Biologia Molecular para equipes t\u00e9cnicas em ind\u00fastrias que se beneficiam da Biotecnologia, como usinas de a\u00e7\u00facar e \u00e1lcool, produtos l\u00e1cteos, embutidos e centros de pesquisa e desenvolvimento de outros setores, como o de papel e celulose.<\/p><p>Al\u00e9m disso, temos o treinamento em Biosseguran\u00e7a, boas pr\u00e1ticas em laborat\u00f3rios, desenvolvimento de Procedimento Operacional Padr\u00e3o e obten\u00e7\u00e3o de CQB (certificado de qualidade em biosseguran\u00e7a).<\/p>\t\t\t\t\t\t\t\t<\/div>\n\t\t\t\t<\/div>\n\t\t\t\t<\/div>\n\t\t\t\t<div class=\"elementor-element elementor-element-800c359 elementor-align-center elementor-widget elementor-widget-button\" data-id=\"800c359\" data-element_type=\"widget\" data-e-type=\"widget\" data-widget_type=\"button.default\">\n\t\t\t\t\t\t\t\t\t\t<a class=\"elementor-button elementor-button-link elementor-size-sm\" href=\"#elementor-action%3Aaction%3Dpopup%3Aopen%26settings%3DeyJpZCI6IjE1MCIsInRvZ2dsZSI6ZmFsc2V9\">\n\t\t\t\t\t\t<span class=\"elementor-button-content-wrapper\">\n\t\t\t\t\t\t\t\t\t<span class=\"elementor-button-text\">FALE CONOSCO<\/span>\n\t\t\t\t\t<\/span>\n\t\t\t\t\t<\/a>\n\t\t\t\t\t\t\t\t<\/div>\n\t\t\t\t\t<\/div>\n\t\t\t\t<\/div>\n\t\t\t\t<\/div>\n\t\t","protected":false},"excerpt":{"rendered":"<p>Cursos e treinamentos O futuro n\u00e3o espera. Prepare-se hoje nas ferramentas do amanh\u00e3. Cursos regulares e treinamentos qPCR A rea\u00e7\u00e3o em cadeia da polimerase em tempo real (qPCR), \u00e9 um dos principais m\u00e9todos de an\u00e1lise gen\u00f4mica, permitindo grande n\u00famero de testes, e r\u00e1pido tempo de resposta. \u00c9 usada largamente na infectologia cl\u00ednica, diagn\u00f3stico de doen\u00e7as [&hellip;]<\/p>\n","protected":false},"author":1,"featured_media":0,"parent":0,"menu_order":0,"comment_status":"closed","ping_status":"open","template":"elementor_header_footer","meta":{"footnotes":""},"class_list":["post-158","page","type-page","status-publish","hentry"],"_links":{"self":[{"href":"https:\/\/producao.lucasprogramador.com.br\/codeseq\/wp-json\/wp\/v2\/pages\/158","targetHints":{"allow":["GET"]}}],"collection":[{"href":"https:\/\/producao.lucasprogramador.com.br\/codeseq\/wp-json\/wp\/v2\/pages"}],"about":[{"href":"https:\/\/producao.lucasprogramador.com.br\/codeseq\/wp-json\/wp\/v2\/types\/page"}],"author":[{"embeddable":true,"href":"https:\/\/producao.lucasprogramador.com.br\/codeseq\/wp-json\/wp\/v2\/users\/1"}],"replies":[{"embeddable":true,"href":"https:\/\/producao.lucasprogramador.com.br\/codeseq\/wp-json\/wp\/v2\/comments?post=158"}],"version-history":[{"count":13,"href":"https:\/\/producao.lucasprogramador.com.br\/codeseq\/wp-json\/wp\/v2\/pages\/158\/revisions"}],"predecessor-version":[{"id":350,"href":"https:\/\/producao.lucasprogramador.com.br\/codeseq\/wp-json\/wp\/v2\/pages\/158\/revisions\/350"}],"wp:attachment":[{"href":"https:\/\/producao.lucasprogramador.com.br\/codeseq\/wp-json\/wp\/v2\/media?parent=158"}],"curies":[{"name":"wp","href":"https:\/\/api.w.org\/{rel}","templated":true}]}}